 (-8 - -10) + 2 - -44).
31
Evaluate 17 - (7 - (-9 + 35)).
36
Evaluate 40 - (13 - -4) - ((6 - 14) + 23).
8
(-81 - -207) + -124 - (109 - (2 + 0))
-105
Evaluate (-21 - -32) + -17 + 6 + -41.
-41
Evaluate (-129 - (16 + (-20 - -37 - 15))) + 13.
-134
What is the value of 8 + -102 - (13 + (-5 - (-12 + 0)))?
-114
What is (-12 - 2) + 1 + 115 + -50 + -69?
-17
What is the value of (-12 - -15) + -10 + 27 + 16?
36
(-44 - 31 - -42) + 35
2
(1 - 22) + -55 + 80
4
What is (-768 - -823) + (7 - 134)?
-72
25 + (3 - -15) + -76 + 10
-23
What is the value of (5 - (5 + (1 - 6) + 14)) + -313 + 357?
35
Calculate -17 - (-29 - (-16 - -13 - -8)).
17
Calculate 12 + (15 - 12) + -13 + -2 - 2.
-2
91 + (89 - (145 - 14))
49
What is the value of (3 - 4 - 91) + (-10 - (-2 + 8))?
-108
Calculate 5 - -8 - (39 + (-70 - -30)).
14
(7 + -18 - ((1 - -2) + 3)) + 3
-14
Calculate 13 + (-2 - -16) + -33 + 16 - 5.
5
6 - (0 + -2 + 4 + -315 + 310 + -76)
85
Evaluate 51 + -51 + -13 + 1 + 0 + -7.
-19
What is 54 + 3 + 7 + -56?
8
19 - (62 + -16) - -1
-26
Evaluate -8 + 15 + -20 + (5 - 9).
-17
Evaluate (21 - 16) + (128 - ((-2 - 25) + 19)).
141
What is -44 + 21 + (-39 - (2 - 14))?
-50
What is the value of (-10 - 35) + 2 + (5 - -3) + -7?
-42
What is the value of 147 + -105 - 108 - -124?
58
Evaluate -59 + (-18 - (-1 + -9 + (-20 - -16))).
-63
(33 - (58 - -33)) + 38
-20
Calculate (36 + -63 - -33) + 55.
61
Calculate 9 - -23 - (-1 - 32 - -14) - 19.
32
-6 - (-3 + 12 - 2) - (-28 - -56)
-41
Evaluate (-1281 - -1293) + (0 - -1) + -38 - 4.
-29
Calculate 36 + 4 + 4 + 1 + -5 + 2.
42
What is the value of (17 - -16) + -34 + 2 + 3 + 59 + -3?
60
Calculate (-46 - -43) + (6 - 3 - -6) - 0.
6
Calculate 126 - (-109 - (-85 + -96)).
54
What is the value of (-234 - -131) + (26 - 22) + (1 - 1 - -4)?
-95
-14 + 126 - (127 + 76)
-91
Calculate (4 - (18 + -2)) + 21 + 7 + (-8 - -4).
12
(-181 - -272) + (11 - 131)
-29
What is -13 + -158 + 39 + 10 + 30?
-92
Calculate (37 - -1) + (2 - -13 - (5 + -2) - 20).
30
Evaluate -21 + ((27 - 43) + 35 - 37).
-39
Evaluate 34 - -3 - (150 - (151 - 31)).
7
What is 185 - 155 - (4 + -5 - 10)?
41
What is 5 + 1 - (16 + (-14 - (3 - (10 - 55))))?
52
Evaluate 0 + 10 + 7 + -6 + -15 - 10 - 99.
-113
Calculate (-9 - (-19 + 6) - (-7 - 2)) + (27 - -52).
92
What is (25 + -60 - -54) + -13?
6
What is the value of (31 - 4) + -13 + (31 - 89 - 25)?
-69
Calculate -16 + (30 - (-135 + 130)).
19
Calculate -2 + (11 - (15 + -4)) + -13.
-15
What is 36 + -8 - (29 - -7) - 3?
-11
((50 - 36) + -28 - -42) + -8 + 0 + -2
18
Evaluate 3 - (-2 + -13 - (-26 - -14)) - (3 - 24).
27
-52 + (-109 + 40 - -82)
-39
-8 - (3 + 6 - (4 + 10)) - 12
-15
What is the value of 26 - (-49 - (10 - 52))?
33
2 + (10 - 0 - (-132 + 127) - -4 - -3)
24
Evaluate (20 - (-158 - -159)) + -148.
-129
Calculate 4 + (12 - (7 - 3)) - (-90 + 108).
-6
Evaluate -9 + -96 + 95 - -71.
61
Evaluate -58 + (-13 - (-17 - -3) - (7 + -7 + 12)).
-69
What is the value of 9 - (10 + (2 - -13) - 8)?
-8
-12 - (-2 - -37 - (731 - 686))
-2
Calculate (-454 - -398) + (6 - (4 + 0 + -5)).
-49
What is -62 + 0 + (-4 - (4 + (5 - 12)))?
-63
What is the value of 3 + 1 + 16 - (20 - (38 - 23))?
15
What is 31 + -22 + -12 + 42 - 34?
5
What is 13 - (6 - (-3 - (-2 + -1)))?
7
Evaluate -7 - (-15 + (-15 - -8 - -13)) - (-1 + -30).
33
Evaluate -2 + 4 + -8 + -1236 + 1199.
-43
What is the value of -23 - (43 + -11 + (-3 - 0))?
-52
Evaluate 0 - (31 - -1) - (-1662 + 1691 - (37 - 0)).
-24
What is -75 + 8 + -64 - -27?
-104
Evaluate 10 + 21 + 13 + -18 + -57.
-31
403 + -403 - ((6 - 0) + 42)
-48
(-5 - (87 + -22 + -21)) + -28
-77
(-152 - -41) + 42 + 67
-2
What is the value of (48 + -14 + 66 - (-8 - 1)) + 9 + -11?
107
Calculate -24 + 16 + (-4 + 2 - -49).
39
What is 38 + 1 + (3936 - 3939)?
36
What is 19 + (11 - (3 + -1)) - (10 + -7)?
25
Evaluate 54 + 6 - ((-19 - -8) + 0 + 11 + -14).
74
What is (34 - 16 - 34) + -30 + -11 + 6?
-51
Evaluate (-2 - -16) + (-37 - (24 + -69)).
22
What is 1 - 39 - ((-130 - -64) + 71)?
-43
-33 + 111 + (12 - 19 - (1 + 4))
66
Calculate 49 - ((5 + 0 - -1) + (24 - -4 - 25)).
40
Calculate 1 - 17 - (-219 - (-95 + -51)).
57
23 + 0 + -1 + 96 - 33
85
Calculate (-68 - -113) + (8 - 14 - 12) - 20.
7
Evaluate (-110 - 2) + (-42 - -46) + 3 + -6.
-111
Evaluate (-7 - -7 - -3 - 21) + 56 - (-10 - -5).
43
What is 79 - (-95 - -45) - 44 - (0 + -2 + -9)?
96
Calculate 46 - ((-50 - (-39 - -22)) + -5).
84
Calculate (4 + (1 - 8) - 7) + 26 + 0.
16
What is the value of (-6 - ((-45 - -49) + -2 + 1)) + -8?
-17
Evaluate (3 + (4 - 8 - -8) - 2) + -11.
-6
-69 + (-32 - (-60 - 1))
-40
What is the value of (100 + -15 - -5) + 2?
92
Evaluate (-14 - (-37 - (-6 + -5 + 5))) + 3.
20
Evaluate 22 + (-29 - -33) - 22 - (-13 - -1).
16
Evaluate (0 - (9 + -1 + -213 + 220)) + 53.
38
Calculate -1 + (-2 + 5 - 4) + 209 + -141 + 54.
120
Evaluate 7 + (16 - (-6 + 13)) - (-104 + 80) - -3.
43
What is the value of (8 - 14) + -8 + 5 + (-10 - 5)?
-24
What is 4 + -19 + 1 + 22 + -3?
5
Calculate (13 + -7 - 106) + (-1816 - -1856).
-60
Calculate 26 - (16 + (-11 - (-13 + (21 - 6) - 1))).
22
Calculate 30 + -15 + -60 + 49 + (-85 - 2).
-83
Evaluate 8 + (-1 - -10) + (7 - -32 - (5 + -2)).
53
What is the value of 117 - (-69 - (-187 - -90))?
89
1 - 4 - 35 - (-20 + 20 + -15 + 8)
-31
What is the value of -74 + 85 + 1 + -2 + -21 - -45?
34
What is 68 + (-105 - -70) + -56?
-23
What is the value of -52 - (160 + -106 + -63)?
-43
Calculate 1 + (3 - 3 - 3) + (-1267 - -1276) - 9.
-2
Calculate (3 - (0 - (7 + -3))) + (-6 - 20 - -14).
-5
What is the value of -1 + -11 + -61 + 153 + -107?
-27
-224 + 164 - (-27 + 11)
-44
What is 2 + (9 + 3 + 8 + -14 - 12)?
-4
Evaluate -96 + ((32 - 81) + 17 - -28).
-100
What is the value of -40 - (-10 + -7) - -8?
-15
Evaluate -146 + 21 - (-1 + 1 + (129 - 138)).
-116
What is 0 + 13 - (3 - (5 - 13 - 8))?
-6
Evaluate -8 - (82 + -1 + -22).
-67
34 - 6 - -3 - -4 - -27
62
What is 45 + (127 - 164) - (1 + -1 + 2 + 1)?
5
0 - -11 - ((-30 - -24 - -38) + -4)
-17
Evaluate (15 - 10) + -15 + (-1 - -2) + 12 + -6.
-3
What is the value of ((19 - 3) + (-95 - -81) - 15) + (-22 - -1)?
-34
Calculate (21 - 85 - -54 - (-1 + -15)) + 30.
36
Calculate 13624 - 13546 - (101 - 1).
-22
Evaluate -11 - 0 - (148 + 22 + -33) - (-6 - 5).
-137
What is the value of (-144 - 149) + 397 - ((11 - (0 + 2)) + 1)?
94
What is 26 + -19 + (7 - 0 - (-49 - (-30 - -22)))?
55
Evaluate 53 + -5 + (-16 - ((35 - -1) + -38)).
34
What is the value of (2 - -11) + -4 - (37 - 2)?
-26
What is 32 + 1 + -39 + (54 - (50 + -24))?
22
(-44 - -128 - 60) + -89
-65
-9 - 1 - ((6 - 1) + -46 + -7)
38
(98 + 24 - 37) + (3 - 10 - -2) + 0
80
What is the value of (5 - -9) + -4 + -1 + -16 + -707 + 585?
-129
Evaluate -18 - (20 + 12) - (-6 + -4 + -4).
-36
Calculate (-16 + 10 - 0) + -46 - (5 - 2).
-55
What is -8886 - -9016 - (0 + 78)?
52
Calculate 0 + 26 - (10074 + -10068).
20
What is (-4 - -52) + (-776 - -689)?
-39
Evaluate -435 - -405 - (16 + 10 - -10).
-66
Calculate 11 - (-1 + 9) - (12 - 12 - 1) - -25.
29
Calculate (-2 - (-2 - -11)) + (-81 + 32 - 1) - -11.
-50
Calculate (-6 - (-3 - 0)) + (19 + -35 - -23) - -34.
38
What is the value of (20 - (-5 - -5)) + (-3 - 8 - -1) + -38?
-28
-147 - 2 - (-2249 - -2151)
-51
What is the value of 48 + (-13 - (-2 + -1 + 9 + -12 + 0))?
41
-248 + 101 + 138 - (-42 - (0 - 0))
33
What is the value of (-4 - 10) + -12 + 4 + 7 + -1?
-16
Calculate (2 - 12) + 3 - (-1268 + 1244).
17
What is the value of -2 - (-5 + 11 - 18 - -13)?
-3
What is the value of (-326 - -339) + (-24 - (-1 + -2))?
-8
What is (4 - 30) + -4 + 37?
7
What is -44 + (29 - (32 + 37) - 27)?
-111
What is the value of -32 + 203 + -116 + -44?
11
325 + -249 + -2 + -31
43
What is the value of (42 + 12 - 24) + -87 - -22?
-35
Evaluate (7 + 3 - 8 - (3 + -4)) + -11.
-8
Calculate (14 + 2 + -52 - 4) + 9.
-31
Evaluate -21 + (46 - 4) - -14.
35
Evaluate -17 - ((1 - 5) + -130 + 131 + -17).
3
Evaluate (1 + 7 - (-3 - (6 + -17))) + 2 + -51.
-49
Evaluate (61 - 11) + -48 + (-2 - 0 - 19).
-19
(-1 - -3) + -10 - (225 + -105 + -67)
-61
Calculate -1 + -13 + -31 + (-25 - (-24 - 10)).
-36
Evaluate (61 - 76 - 95) + 57.
-53
Evaluate -17 + (-5 - -10) + (100 + -42 - 15).
31
What is 16 - (21 - 17 - (1 - 37))?
-24
What is the value of (13 - (-6 + -6)) + -4 - -12?
33
(-707 - -700) + (-33 - 5) + (2 - -1)
-42
What is the value of -2339 + 2280 - (-26 - 2)?
-31
(52 - 87) + 26 + 18 + -3
6
Ev